Let h(s) = -3*j(s) + q(s). Is h(-1) prime?
True
Let i be 2/3*3*1. Let q(z) = -14*z**3 - 2*z**2 - z + 3. Let c(v) = -v**2 + v. Let g(l) = 3*c(l) - q(l). Is g(i) a prime number?
True
Suppose -2*q + 104 = 28. Suppose -4*r = -a - 149, 0*r - r + a = -q. Is r a prime number?
True
Suppose -5*w - v + 18 = 0, -5*v - 11 + 35 = 3*w. Suppose w*i + 11 = 29. Suppose -4*l = 5*u - 369, i*l - 5*l + 235 = 3*u. Is u composite?
True
Let n = -8 - -8. Suppose -6*u + 2*u + 1492 = n. Is u a prime number?
True
Let g be 15/(-20) - 6/(-8). Suppose 5*j + 2*z = 9, g = -4*j + z + 5 + 10. Is j a composite number?
False
Let h = 4 + 8. Is ((-23)/4)/((-1)/h) composite?
True
Let c(o) = -o**2 - 2*o + 1. Let d be c(-3). Is (-1 - -1) + d + 53 a prime number?
False
Let j = 33 - 5. Suppose b - 126 = j. Is b/(-6)*(-3 + 0) composite?
True
Let h = 19 + 148. Let k = h - 100. Is k a composite number?
False
Let t = 1 - 1. Suppose t = v + 4*f - 138, -v + 0*f + 165 = -5*f. Is v/8 + 2/8 prime?
True
Let i = -5015 + 7144. Is i a composite number?
False
Is 1158/8 - 7/(-28) a prime number?
False
Let f(n) = -n**2 - 6*n - 5. Let l be f(-5). Let z = l - 0. Suppose z = -2*y + 123 + 55. Is y a composite number?
False
Let u(v) = 67*v + 4. Is u(5) composite?
True
Let d be 2/3*-3 + 4. Suppose 7*y + 20 = 2*y, 4*v - d*y = 324. Is v composite?
False
Let y = -332 - -481. Is y a prime number?
True
Suppose i + 4 = 5*i. Let w be 0 - (i + 0) - -146. Suppose 3*o - 122 = w. Is o a prime number?
True
Let j = 18 + -13. Suppose t + 4 = -2*z + z, -z = -j*t - 20. Is ((-4)/(-5))/(t/(-10)) a prime number?
True
Let r be 15/(4/8 + -2). Let t = 49 - r. Is t a composite number?
False
Suppose 0 = 3*h - 0*u + 4*u - 4, -4*u - 8 = 0. Suppose -h*x = -2*x. Suppose x = 4*s + s - 75. Is s a prime number?
False
Let b(r) = -r**3 - 7*r**2 - 2*r - 7. Let n be b(-7). Let k(o) = 28*o - 1. Let q be k(n). Let v = -112 + q. Is v a composite number?
False
Let p = -341 - -1054. Is p composite?
True
Let s(t) = t**3 + 8*t**2 - 11*t - 3. Let i be s(-10). Is i/(-2)*8/12 a prime number?
True
Suppose k + 4*k - 50 = 0. Let i be ((-3)/1)/(9 - k). Suppose 27 + 3 = i*x. Is x prime?
False
Suppose -4*m = -8*m + 1448. Is m a prime number?
False
Let y = 129 - 88. Let s(j) = 21*j**3 + 2*j**2 + 2*j + 1. Let v be s(-1). Let f = y + v. Is f a prime number?
False
Let o(n) = -13*n - 13. Is o(-8) a prime number?
False
Let c = -1375 - -3168. Is c a prime number?
False
Is (-2)/(2/(-479)*(0 - -1)) a composite number?
False
Let r(a) = -2*a**2 + 10*a + 8. Let m be r(8). Let y = 107 + m. Is y a prime number?
True
Suppose -3*p - 1 = -2*s, -3*s + 3*p = 2*p - 5. Is s prime?
True
Let l = 11 + -8. Let i(g) = 42*g - 3 + 5 - l. Is i(2) prime?
True
Let c(m) = 5 + 0 + 2*m - 4 + 2*m. Is c(9) composite?
False
Let m be 1/1 + -1 + 8. Is ((-18)/m)/((-1)/4) a composite number?
True
Is 3*((-980)/(-12) + 2) composite?
False
Let w = 2972 + -1741. Is w a prime number?
True
Let k be (4 - 7)/((-1)/(-402)). Is ((-2)/4)/(9/k) composite?
False
Let o = -18 + 27. Suppose -o = 4*d - d. Let z = -1 - d. Is z a prime number?
True
Let x = 437 - 195. Suppose a + a = x. Is a composite?
True
Let h = 33 + -22. Suppose -u + j - 1 = 0, 0 = -3*u - 0*u - 5*j - h. Is ((-8)/(-12))/(u/(-111)) a prime number?
True
Suppose 0 = 3*x - 2059 + 622. Is x prime?
True
Suppose -5*x + 428 = -1227. Is x a composite number?
False
Let t(a) = a - 4. Let f be t(4). Suppose f = -m + 2*m - 5. Suppose b = -3*h + 18 + 77, -m*h = 2*b - 157. Is h composite?
True
Is ((-2084)/(-6))/(6*(-5)/(-45)) composite?
False
Let u be (7/4)/(8/32). Let b be (-3)/(-4)*(48 - 0). Let j = b + u. Is j prime?
True
Let a be (-2)/(-6) + 4/6. Let y(n) be the first derivative of 5*n**2/2 - n + 2. Is y(a) prime?
False
Suppose 3*t = 3*v + 30, 0 = -3*t - 6*v + 3*v. Is (t/10)/((-1)/(-382)) composite?
False
Let b(u) = -6*u + 3. Let a be b(-3). Suppose -3*j = -6*j + a. Is j prime?
True
Let b = -111 + 406. Is 8/36 - b/(-9) a prime number?
False
Suppose 7*n + 8444 = 11*n. Is n a composite number?
False
Suppose -45 = -b + 3. Suppose -26 = -2*y + b. Is y composite?
False
Let h = -2 - 4. Let y be 3*h/(-9) + 0. Suppose 0 = -5*u - 5*w + 100, y*u - u = 3*w + 40. Is u a composite number?
True
Suppose 4*j = 5*j. Suppose j = -2*r - 282 + 1044. Is r a prime number?
False
Let q(o) = -5*o**3 + 3*o**2 + 3*o + 1. Let z = 8 + -6. Let m be (z/4)/((-6)/24). Is q(m) a composite number?
False
Let y be (-2 + 4 + -2)/1. Suppose y = 8*s - 3*s - 4*r - 1161, s - 228 = 5*r. Is s prime?
True
Let d = 397 - 252. Is d a prime number?
False
Suppose 432 = -2*n - 5*v, -2*n - 432 = -0*n + 4*v. Is 8/20 + n/(-10) prime?
False
Let c = -581 - -822. Let w = -120 + c. Is w a prime number?
False
Is 10/(-4)*(-368 + 6) a prime number?
False
Let h(p) = p - 77. Let n be h(0). Let u = n + 208. Suppose 445 - u = 2*f. Is f prime?
True
Let a = 398 + -235. Is a prime?
True
Let j(z) = z**3 - 2*z**2 - 3*z + 3. Let l(q) = -q - 4. Let r be l(-8). Is j(r) a composite number?
False
Let m be (-8 - -9)/(1/621). Suppose 2*p + w = -10 + 1, -3*w + 33 = -4*p. Is (-2)/3*m/p composite?
True
Let g(a) be the third derivative of -a**4/8 - a**3/3 - 2*a**2. Let w be g(-6). Is (-1469)/(-9) - w/72 a composite number?
False
Is (-2)/4 + (-1557)/(-6) composite?
True
Suppose -v = 5*q - 81, -2*v = -2*q + 23 + 7. Let i = q - 7. Let f = 13 - i. Is f composite?
True
Suppose -s - 3*s = -1412. Is s composite?
False
Let f = 412 + 427. Is f a prime number?
True
Suppose -25 = -4*k + 5*t - 96, 3*k - 3*t + 51 = 0. Suppose 10 = 4*r - 90. Let i = k + r. Is i composite?
False
Let j = -270 + 461. Is j a composite number?
False
Let v(d) = -d**3 - 12*d**2 + 14*d - 43. Is v(-15) prime?
False
Let o(w) = -w**2 + 5*w - 1. Let d be o(4). Suppose h - 248 = -d*n - n, -4*h = 16. Suppose -3*k - 2 = -4*k, -5*v + n = 4*k. Is v a prime number?
True
Suppose 0*h + 4*h - 5*j - 764 = 0, 3*h = -2*j + 550. Suppose -h = -3*n - 4*g, 0 = 4*n - 5*n - 2*g + 62. Is n prime?
False
Let z(y) = -4*y - 3. Let g = -14 + 10. Is z(g) composite?
False
Suppose -2 = -3*p + 2*p. Suppose 110 = 7*f - p*f. Is f composite?
True
Let p(z) = -15*z + 2. Is p(-8) a composite number?
True
Let o be 2 - 19 - (-2 - 1). Let s = o + 21. Is s a composite number?
False
Let s(w) be the second derivative of w**5/20 - 5*w**4/12 + w**3/6 - w**2/2 + w. Let u be s(5). Is 1/u + (-195)/(-4) prime?
False
Is ((-132)/24)/((-1)/86) composite?
True
Suppose 0 = 3*d - 1935 - 3402. Is d prime?
False
Let i be (-1046)/(-10) + 6/15. Let a be 4/(-22) + 8206/(-121). Let t = i + a. Is t prime?
True
Let x = 189 + -74. Let w = x + -22. Is w prime?
False
Suppose -5*o + 11 = 4*d - 13, 10 = 3*o - 2*d. Suppose 0 = -o*u + 3*u + 111. Is u composite?
True
Suppose 6*k = 4*k + 4. Suppose -2*c + 0 = -2. Is 2/(k/c) - -76 prime?
False
Let a(i) = -2*i + 3. Let q(w) = -w + 1. Let n(c) = 2*a(c) - 5*q(c). Is n(5) composite?
True
Let j(a) = 63*a**2 - 29*a - 15. Is j(-8) a composite number?
True
Let m be (3/(-6))/(2/40). Let u be m*(-9)/(-6) - -1. Is (-8)/(-28) + (-38)/u a composite number?
False
Is (-4)/18 + 112700/252 a prime number?
False
Let c = -206 + 300. Is c prime?
False
Let n(r) = 452*r - 1. Is n(7) a prime number?
True
Suppose l - 1 = 3*i + 10, 5*i + 15 = 0. Suppose 24 = -b - l*b. Is 2/b + 785/20 a composite number?
True
Suppose 1172 = 30*j - 28*j. Is j a composite number?
True
Suppose 0*c + 5*c = 4*q - 14, -4*q + 2*c = -20. Suppose -2*s + 58 = -4*b, b - 4*b - 131 = -5*s. Let x = s - q. Is x composite?
False
Let u(r) = -2*r**3 - r**2 - 3*r + 7. Is u(-5) composite?
True
Let r = 357 - 193. Suppose r = k + 25. Is k a composite number?
False
Let f(j) = -25*j - 2. Let n(d) = -12*d - 1. Let s(l) = -3*f(l) + 5*n(l). Let v be 14/6 - (-3)/(-9). Is s(v) a composite number?
False
Let k(z) = -z - 1. Let o be k(-5). Suppose i - o*i = -357. Is i a composite number?
True
Let p = 61 + -8. Is p a composite number?
False
Let y = 233 + -157. Suppose 4*l - 56 - y = 0. Let k = 100 - l. Is k prime?
True
Suppose 2*t + 525 = -479. Is 20/(-5)*t/8 a composite number?
False
Let m = 0 + -18. Let h = m - -12. Is ((-4)/h)/((-2)/(-39)) composite?
False
Let k = -20 + 41. Is k a prime number?
False
Suppose 2*i + 3*k + 11 = 0, 5*k = -3*i - 0*i - 18. Is (-5 - i - -1) + 96 composite?
True
Suppose -4*d + 2945 = 2*t - 569, 0 = -2*d. Is t a prime number?
False
Suppose 5